 a factor of 341?
False
Does 13 divide 6539?
True
Is 31 a factor of 4256?
False
Is 18 a factor of 36893?
False
Is 10 a factor of 180?
True
Is 21 a factor of 6300?
True
Is 112 a multiple of 12?
False
Is 7582 a multiple of 17?
True
Is 311 a multiple of 3?
False
Is 12952 a multiple of 9?
False
Is 12574 a multiple of 22?
False
Does 29 divide 1334?
True
Is 1494 a multiple of 18?
True
Does 29 divide 2900?
True
Does 19 divide 74330?
False
Is 130 a multiple of 10?
True
Is 56 a factor of 1904?
True
Is 17 a factor of 5496?
False
Does 21 divide 1386?
True
Is 15 a factor of 4286?
False
Is 15 a factor of 6169?
False
Does 31 divide 4641?
False
Is 4 a factor of 104?
True
Does 33 divide 15114?
True
Is 391 a multiple of 3?
False
Is 16 a factor of 38176?
True
Is 9120 a multiple of 19?
True
Is 3011 a multiple of 30?
False
Is 19 a factor of 19?
True
Is 43 a factor of 2408?
True
Is 740 a multiple of 20?
True
Does 36 divide 2287?
False
Is 27 a factor of 27?
True
Is 1719 a multiple of 9?
True
Is 171 a multiple of 10?
False
Is 263 a multiple of 6?
False
Is 646 a multiple of 38?
True
Is 29194 a multiple of 19?
False
Is 49 a factor of 980?
True
Does 13 divide 3899?
False
Is 138411 a multiple of 169?
True
Is 13184 a multiple of 16?
True
Is 39 a factor of 1250?
False
Is 2031 a multiple of 8?
False
Does 26 divide 85?
False
Is 785 a multiple of 5?
True
Is 36 a factor of 1332?
True
Is 53 a factor of 848?
True
Does 8 divide 4560?
True
Is 179 a factor of 7110?
False
Does 5 divide 2358?
False
Is 752 a multiple of 37?
False
Is 7 a factor of 26905?
False
Does 14 divide 3108?
True
Is 1527 a multiple of 2?
False
Is 14743 a multiple of 23?
True
Does 7 divide 77?
True
Is 98 a factor of 569?
False
Does 61 divide 15196?
False
Is 51 a factor of 37536?
True
Is 7 a factor of 320?
False
Is 50 a factor of 200?
True
Is 114 a multiple of 6?
True
Is 5283 a multiple of 9?
True
Does 50 divide 27450?
True
Does 4 divide 420?
True
Does 171 divide 7011?
True
Does 11 divide 858?
True
Does 88 divide 176?
True
Does 22 divide 12230?
False
Is 7 a factor of 14080?
False
Is 130 a factor of 7475?
False
Is 409 a multiple of 82?
False
Does 53 divide 9531?
False
Does 67 divide 2052?
False
Is 7 a factor of 3833?
False
Is 2016 a multiple of 112?
True
Does 6 divide 614?
False
Is 16 a factor of 57986?
False
Is 21 a factor of 2563?
False
Is 4164 a multiple of 12?
True
Does 24 divide 76562?
False
Is 11424 a multiple of 51?
True
Does 10 divide 979?
False
Is 78 a multiple of 2?
True
Does 30 divide 540?
True
Is 83 a factor of 4017?
False
Is 24 a factor of 408?
True
Does 24 divide 13008?
True
Does 59 divide 885?
True
Is 26 a multiple of 13?
True
Is 7812 a multiple of 36?
True
Is 1085 a multiple of 5?
True
Is 59 a factor of 5428?
True
Is 21 a factor of 4538?
False
Does 115 divide 14720?
True
Is 48 a factor of 2304?
True
Does 11 divide 26086?
False
Is 1422 a multiple of 18?
True
Does 33 divide 786?
False
Is 23 a factor of 199?
False
Does 14 divide 420?
True
Is 5640 a multiple of 40?
True
Is 3 a factor of 38?
False
Is 19884 a multiple of 12?
True
Does 92 divide 25614?
False
Does 79 divide 12655?
False
Does 174 divide 14442?
True
Is 210 a factor of 2100?
True
Is 11 a factor of 1613?
False
Is 3 a factor of 1401?
True
Is 12583 a multiple of 26?
False
Is 62 a factor of 1094?
False
Is 9 a factor of 123?
False
Is 36666 a multiple of 18?
True
Is 9758 a multiple of 7?
True
Does 114 divide 284?
False
Does 60 divide 6279?
False
Does 30 divide 11970?
True
Does 119 divide 3379?
False
Is 14167 a multiple of 30?
False
Is 27 a factor of 1404?
True
Is 30 a factor of 1323?
False
Is 567 a multiple of 7?
True
Does 20 divide 135638?
False
Is 12 a factor of 556?
False
Does 5 divide 390?
True
Does 52 divide 14404?
True
Does 28 divide 1038?
False
Does 16 divide 3362?
False
Is 23 a factor of 3706?
False
Does 7 divide 56?
True
Does 18 divide 27191?
False
Is 878 a multiple of 31?
False
Does 3 divide 92?
False
Does 4 divide 196?
True
Is 9 a factor of 20458?
False
Is 18276 a multiple of 16?
False
Is 22 a factor of 450?
False
Is 63 a factor of 504?
True
Is 21398 a multiple of 25?
False
Is 89 a factor of 1335?
True
Does 129 divide 22446?
True
Is 3 a factor of 2222?
False
Is 400 a multiple of 5?
True
Is 19 a factor of 345?
False
Is 58 a factor of 696?
True
Is 25 a factor of 25120?
False
Is 107 a factor of 6420?
True
Is 18 a factor of 518?
False
Is 11 a factor of 3080?
True
Is 40627 a multiple of 9?
False
Is 171 a factor of 62073?
True
Is 700 a multiple of 100?
True
Does 12 divide 1164?
True
Does 27 divide 204?
False
Does 19 divide 4864?
True
Is 21 a multiple of 21?
True
Does 9 divide 733?
False
Does 27 divide 19352?
False
Is 1840 a multiple of 40?
True
Does 63 divide 105822?
False
Is 10 a factor of 810?
True
Does 10 divide 70?
True
Is 2173 a multiple of 10?
False
Is 9 a factor of 355?
False
Is 3 a factor of 9001?
False
Is 3027 a multiple of 87?
False
Is 8 a factor of 337?
False
Does 92 divide 2656?
False
Is 147 a factor of 56588?
False
Is 2476 a multiple of 12?
False
Is 630 a multiple of 42?
True
Is 576 a multiple of 9?
True
Is 107 a factor of 2568?
True
Is 4820 a multiple of 42?
False
Is 12 a factor of 408?
True
Does 13 divide 28023?
False
Does 10 divide 6233?
False
Does 215 divide 2405?
False
Is 2928 a multiple of 134?
False
Is 106 a multiple of 2?
True
Is 195 a factor of 1950?
True
Does 90 divide 104?
False
Is 24 a factor of 6072?
True
Does 88 divide 6776?
True
Is 516 a multiple of 21?
False
Is 50 a factor of 10706?
False
Does 29 divide 52?
False
Does 6 divide 33208?
False
Is 9483 a multiple of 14?
False
Is 33 a factor of 6864?
True
Does 2 divide 184?
True
Is 621 a multiple of 9?
True
Is 20 a factor of 1271?
False
Is 7 a factor of 189?
True
Does 56 divide 796?
False
Is 12 a factor of 125?
False
Does 12 divide 8547?
False
Is 66486 a multiple of 38?
False
Is 21 a factor of 23493?
False
Does 14 divide 2452?
False
Does 14 divide 350?
True
Does 2 divide 444?
True
Does 15 divide 1790?
False
Is 38 a factor of 126355?
False
Is 1314 a multiple of 73?
True
Is 93 a factor of 465?
True
Is 154 a factor of 13534?
False
Does 127 divide 5334?
True
Does 14 divide 44040?
False
Does 2 divide 4519?
False
Does 16 divide 75713?
False
Does 104 divide 3595?
False
Does 33 divide 2320?
False
Is 13 a factor of 3991?
True
Does 60 divide 1066?
False
Is 17713 a multiple of 249?
False
Does 65 divide 292?
False
Is 8376 a multiple of 24?
True
Does 9 divide 1457?
False
Does 22 divide 95?
False
Is 72 a factor of 1008?
True
Is 85 a factor of 8887?
False
Does 77 divide 5066?
False
Does 68 divide 10948?
True
Is 2 a factor of 52?
True
Is 22 a factor of 18854?
True
Does 6 divide 13?
False
Is 12 a factor of 895?
False
Is 660 a multiple of 13?
False
Is 20 a factor of 520?
True
Is 1557 even?
False
Is 4227 a multiple of 61?
False
Is 29 a factor of 14587?
True
Is 5364 a multiple of 18?
True
Is 5681 a multiple of 12?
False
Is 364 a multiple of 7?
True
Is 61694 a multiple of 67?
False
Is 20 a factor of 92620?
True
Does 16 divide 4157?
False
Does 7 divide 95717?
False
Does 51 divide 459?
True
Is 1438 a multiple of 13?
False
Is 187 a multiple of 12?
False
Is 143 a multiple of 5?
False
Does 12 divide 2652?
True
Is 1406 a multiple of 19?
True
Does 42 divide 28916?
False
Does 15 divide 4382?
False
Does 53 divide 6866?
False
Is 36375 a multiple of 42?
False
Is 414 a multiple of 13?
False
Is 1323 a multiple of 35?
False
Does 52 divide 52416?
True
Is 7703 a multiple of 5?
False
Is 113 a factor of 18949?
False
Does 47 divide 48081?
True
Is 43 a factor of 57144?
False
Does 9 divide 13320?
True
Is 13 a factor of 403?
True
Is 7 a factor of 1456?
True
Is 8 a factor of 57010?
False
Is 83 a factor of 1826?
True
Is 17 a factor of 714?
True
Is 62093 a multiple of 22?
False
Is 24 a factor of 6744?
True
Does 3 divide 1988?
False
Is 34638 a multiple of 69?
True
Is 46900 a multiple of 70?
True
Is 376 a multiple of 8?
True
Does 170 divide 24311?
False
Is 3 a factor of 117?
True
Does 19 divide 1085?
False
Is 616 a multiple of 28?
True
Is 13 a factor of 1978?
False
Is 9450 a multiple of 9?
True
Is 2090 a multiple of 55?
True
Does 9 divide 591?
False
Is 5076 a multiple of 12?
True
Is 10 a factor of 350?
True
Is 19048 a multiple of 8?
True
Is 180 a multiple of 32?
False
Is 36893 a multiple of 10?
False
Is 47 a facto